 and 225.
45
What is the highest common factor of 9096 and 192?
24
Calculate the greatest common factor of 620 and 230.
10
Calculate the greatest common divisor of 19076 and 38.
38
What is the highest common factor of 2048 and 32?
32
What is the greatest common divisor of 5 and 4?
1
What is the greatest common divisor of 486 and 5184?
162
Calculate the greatest common factor of 18 and 78.
6
Calculate the greatest common divisor of 70 and 21140.
70
Calculate the greatest common factor of 1115 and 5.
5
What is the greatest common divisor of 13364 and 26?
26
What is the highest common divisor of 42 and 11949?
21
What is the highest common divisor of 13 and 48737?
13
What is the highest common divisor of 368 and 161?
23
What is the highest common factor of 76 and 19?
19
What is the greatest common factor of 70 and 29624?
14
Calculate the greatest common divisor of 210 and 240.
30
Calculate the greatest common divisor of 2822 and 136.
34
Calculate the highest common factor of 24 and 120.
24
Calculate the greatest common factor of 437 and 57.
19
What is the highest common factor of 99 and 660?
33
What is the greatest common factor of 2158 and 830?
166
What is the greatest common factor of 608 and 228?
76
What is the highest common divisor of 3475 and 25?
25
Calculate the greatest common factor of 67 and 11591.
67
What is the greatest common divisor of 27 and 369?
9
What is the greatest common factor of 2 and 89?
1
Calculate the highest common factor of 8 and 84.
4
What is the highest common divisor of 3 and 18?
3
What is the greatest common factor of 140 and 4820?
20
Calculate the highest common divisor of 390 and 30.
30
What is the greatest common factor of 130 and 533?
13
What is the greatest common divisor of 8 and 184?
8
Calculate the highest common factor of 24 and 1136.
8
What is the greatest common factor of 6 and 1248?
6
What is the highest common factor of 89 and 3827?
89
Calculate the greatest common factor of 270 and 216.
54
What is the greatest common factor of 47 and 235?
47
Calculate the highest common factor of 360 and 8.
8
Calculate the highest common divisor of 52 and 832.
52
Calculate the highest common divisor of 2 and 26.
2
What is the greatest common divisor of 60 and 555?
15
Calculate the highest common divisor of 17286 and 86.
86
Calculate the highest common divisor of 19 and 437.
19
Calculate the highest common factor of 567 and 84.
21
What is the highest common factor of 146 and 5986?
146
What is the greatest common divisor of 166 and 4150?
166
What is the highest common divisor of 59 and 2183?
59
Calculate the greatest common factor of 784 and 980.
196
Calculate the greatest common factor of 48 and 2672.
16
What is the highest common divisor of 350 and 150?
50
Calculate the greatest common divisor of 224 and 182.
14
What is the highest common divisor of 36 and 2304?
36
Calculate the greatest common divisor of 1494 and 72.
18
Calculate the highest common factor of 16 and 1544.
8
What is the highest common factor of 18907 and 259?
259
What is the highest common factor of 247 and 65?
13
What is the greatest common divisor of 384 and 60?
12
Calculate the highest common divisor of 85 and 34.
17
Calculate the greatest common factor of 31 and 11.
1
Calculate the highest common factor of 680 and 5270.
170
What is the greatest common divisor of 152 and 576?
8
Calculate the greatest common factor of 18 and 8.
2
What is the greatest common factor of 1032 and 28?
4
Calculate the greatest common factor of 8445 and 135.
15
Calculate the highest common factor of 3901 and 332.
83
What is the highest common divisor of 2541 and 168?
21
What is the greatest common factor of 30 and 555?
15
What is the greatest common factor of 154 and 275?
11
Calculate the greatest common divisor of 435 and 1160.
145
What is the highest common factor of 5835 and 15?
15
Calculate the greatest common factor of 44 and 979.
11
Calculate the greatest common factor of 280 and 1715.
35
What is the highest common divisor of 5 and 267?
1
What is the greatest common divisor of 10 and 310?
10
What is the highest common divisor of 17 and 17?
17
Calculate the greatest common divisor of 2772 and 297.
99
What is the greatest common divisor of 51 and 120?
3
Calculate the highest common factor of 120 and 130.
10
What is the greatest common divisor of 1875 and 30?
15
Calculate the greatest common divisor of 299 and 26.
13
Calculate the highest common factor of 1027 and 221.
13
Calculate the greatest common divisor of 132 and 33.
33
Calculate the highest common divisor of 957 and 220.
11
What is the greatest common factor of 74 and 1739?
37
Calculate the greatest common divisor of 393 and 4978.
131
Calculate the highest common factor of 20559 and 99.
33
What is the greatest common divisor of 5 and 37?
1
Calculate the highest common divisor of 65 and 702.
13
Calculate the highest common divisor of 671 and 209.
11
What is the greatest common divisor of 38 and 49?
1
Calculate the highest common divisor of 2650 and 50.
50
What is the highest common divisor of 20 and 62860?
20
What is the highest common factor of 6 and 3?
3
Calculate the greatest common divisor of 1972 and 464.
116
Calculate the highest common factor of 154 and 3938.
22
What is the highest common divisor of 516 and 48?
12
Calculate the greatest common factor of 2573 and 31.
31
Calculate the greatest common factor of 2434 and 8.
2
What is the highest common divisor of 636 and 11660?
212
What is the highest common factor of 4365 and 45?
45
Calculate the highest common divisor of 44 and 10780.
44
What is the highest common factor of 20 and 105?
5
What is the highest common divisor of 1235 and 3380?
65
Calculate the greatest common divisor of 12 and 24.
12
What is the highest common factor of 627 and 285?
57
What is the highest common factor of 81 and 351?
27
Calculate the highest common divisor of 54 and 351.
27
What is the greatest common factor of 17970 and 60?
30
What is the greatest common factor of 5 and 2?
1
Calculate the highest common divisor of 72 and 304.
8
Calculate the highest common factor of 8 and 536.
8
What is the highest common divisor of 776 and 97?
97
Calculate the highest common divisor of 180 and 20.
20
Calculate the greatest common divisor of 5 and 11.
1
Calculate the greatest common divisor of 253 and 92.
23
What is the greatest common factor of 220 and 1220?
20
Calculate the highest common factor of 2976 and 124.
124
What is the greatest common divisor of 78 and 1521?
39
What is the highest common factor of 720 and 6?
6
What is the highest common factor of 689 and 53?
53
Calculate the highest common factor of 804 and 156.
12
What is the greatest common factor of 885 and 60?
15
What is the highest common divisor of 192 and 6?
6
Calculate the greatest common factor of 216 and 11880.
216
Calculate the greatest common divisor of 319 and 44.
11
What is the greatest common factor of 3 and 146?
1
Calculate the greatest common divisor of 25 and 215.
5
Calculate the highest common factor of 16 and 176.
16
Calculate the greatest common divisor of 126 and 414.
18
What is the greatest common factor of 32 and 4304?
16
Calculate the highest common divisor of 1020 and 12.
12
What is the greatest common factor of 1076 and 4?
4
What is the greatest common divisor of 434 and 186?
62
Calculate the highest common divisor of 259 and 7.
7
Calculate the highest common divisor of 12755 and 10.
5
What is the highest common factor of 75 and 105?
15
What is the greatest common divisor of 192 and 448?
64
What is the highest common divisor of 162 and 1053?
81
Calculate the highest common divisor of 4559 and 1081.
47
Calculate the highest common divisor of 264 and 66.
66
Calculate the greatest common factor of 1430 and 165.
55
What is the greatest common divisor of 23 and 713?
23
Calculate the highest common divisor of 410 and 5576.
82
What is the greatest common divisor of 23 and 529?
23
What is the highest common divisor of 138 and 24?
6
Calculate the greatest common factor of 351 and 52.
13
What is the greatest common divisor of 17 and 2176?
17
Calculate the highest common divisor of 306 and 34.
34
Calculate the greatest common divisor of 115 and 3956.
23
Calculate the greatest common divisor of 33 and 1089.
33
What i